er when 144805 is divided by 20679.
52
What is the remainder when 62101 is divided by 270?
1
What is the remainder when 38231 is divided by 177?
176
Calculate the remainder when 23147 is divided by 2570.
17
What is the remainder when 19992 is divided by 244?
228
Calculate the remainder when 2572 is divided by 360.
52
What is the remainder when 670470 is divided by 708?
702
Calculate the remainder when 69849 is divided by 17459.
13
Calculate the remainder when 9922 is divided by 458.
304
What is the remainder when 1772 is divided by 741?
290
What is the remainder when 50 is divided by 16?
2
What is the remainder when 300027 is divided by 411?
408
Calculate the remainder when 198557 is divided by 28364.
9
Calculate the remainder when 24265 is divided by 1427.
6
Calculate the remainder when 13653 is divided by 1145.
1058
What is the remainder when 1289 is divided by 50?
39
Calculate the remainder when 2353 is divided by 150.
103
What is the remainder when 101055 is divided by 29?
19
Calculate the remainder when 95646 is divided by 465.
321
Calculate the remainder when 312959 is divided by 738.
47
Calculate the remainder when 27069 is divided by 713.
688
Calculate the remainder when 172178 is divided by 844.
2
Calculate the remainder when 165831 is divided by 19.
18
What is the remainder when 195 is divided by 59?
18
Calculate the remainder when 21410 is divided by 10.
0
What is the remainder when 4158 is divided by 9?
0
What is the remainder when 4479 is divided by 561?
552
Calculate the remainder when 20627 is divided by 197.
139
Calculate the remainder when 6576 is divided by 1620.
96
What is the remainder when 2071 is divided by 48?
7
What is the remainder when 7810 is divided by 14?
12
Calculate the remainder when 3155167 is divided by 344.
343
What is the remainder when 55219 is divided by 13804?
3
What is the remainder when 1931 is divided by 18?
5
What is the remainder when 188001 is divided by 2611?
9
Calculate the remainder when 8904 is divided by 62.
38
What is the remainder when 2047 is divided by 59?
41
Calculate the remainder when 156095 is divided by 1859.
1798
Calculate the remainder when 19550 is divided by 30.
20
What is the remainder when 3123 is divided by 145?
78
Calculate the remainder when 33005 is divided by 892.
1
What is the remainder when 7561 is divided by 579?
34
Calculate the remainder when 4347 is divided by 48.
27
Calculate the remainder when 2456 is divided by 2453.
3
Calculate the remainder when 12539 is divided by 114.
113
Calculate the remainder when 2129 is divided by 542.
503
What is the remainder when 1231870 is divided by 179?
171
What is the remainder when 107707 is divided by 2393?
22
What is the remainder when 6905 is divided by 391?
258
What is the remainder when 889472 is divided by 757?
754
Calculate the remainder when 3097 is divided by 16.
9
What is the remainder when 2457 is divided by 617?
606
What is the remainder when 43006 is divided by 56?
54
Calculate the remainder when 11991 is divided by 521.
8
What is the remainder when 660 is divided by 327?
6
What is the remainder when 7782 is divided by 290?
242
What is the remainder when 53384 is divided by 1136?
1128
What is the remainder when 1143 is divided by 371?
30
Calculate the remainder when 8664 is divided by 660.
84
What is the remainder when 9123 is divided by 1819?
28
What is the remainder when 7781 is divided by 3886?
9
What is the remainder when 6732 is divided by 70?
12
What is the remainder when 28513 is divided by 69?
16
What is the remainder when 60240 is divided by 7?
5
Calculate the remainder when 4861 is divided by 2338.
185
What is the remainder when 495997 is divided by 26?
21
What is the remainder when 1018760 is divided by 879?
878
What is the remainder when 479157 is divided by 30?
27
What is the remainder when 3617 is divided by 1559?
499
What is the remainder when 22330 is divided by 1867?
1793
What is the remainder when 55365 is divided by 1434?
873
Calculate the remainder when 1366 is divided by 1204.
162
Calculate the remainder when 1911 is divided by 741.
429
What is the remainder when 574908 is divided by 40?
28
What is the remainder when 36899 is divided by 75?
74
Calculate the remainder when 19151 is divided by 125.
26
What is the remainder when 25453 is divided by 499?
4
What is the remainder when 5542 is divided by 46?
22
Calculate the remainder when 13716 is divided by 6837.
42
What is the remainder when 33214 is divided by 11046?
76
Calculate the remainder when 50994 is divided by 235.
234
What is the remainder when 13494 is divided by 309?
207
What is the remainder when 826263 is divided by 59018?
11
Calculate the remainder when 9295 is divided by 2317.
27
What is the remainder when 3636 is divided by 412?
340
What is the remainder when 1406205 is divided by 1885?
1880
Calculate the remainder when 15879 is divided by 7935.
9
Calculate the remainder when 111756 is divided by 37252.
0
Calculate the remainder when 11011 is divided by 216.
211
What is the remainder when 303032 is divided by 23?
7
What is the remainder when 1410 is divided by 90?
60
Calculate the remainder when 5688 is divided by 520.
488
Calculate the remainder when 582006 is divided by 69.
60
What is the remainder when 4673541 is divided by 277?
274
Calculate the remainder when 5595424 is divided by 18.
16
What is the remainder when 7224 is divided by 885?
144
What is the remainder when 15604 is divided by 390?
4
Calculate the remainder when 11706 is divided by 3895.
21
What is the remainder when 27521 is divided by 11?
10
What is the remainder when 2943 is divided by 1816?
1127
Calculate the remainder when 72626 is divided by 481.
476
What is the remainder when 10302 is divided by 2557?
74
What is the remainder when 616354 is divided by 353?
16
What is the remainder when 471105 is divided by 86?
83
Calculate the remainder when 51238 is divided by 84.
82
What is the remainder when 12061 is divided by 6027?
7
Calculate the remainder when 4190 is divided by 278.
20
Calculate the remainder when 654028 is divided by 217999.
31
Calculate the remainder when 3121 is divided by 775.
21
Calculate the remainder when 437 is divided by 67.
35
Calculate the remainder when 1423 is divided by 436.
115
Calculate the remainder when 162433 is divided by 17.
15
Calculate the remainder when 597763 is divided by 83.
80
What is the remainder when 12707 is divided by 51?
8
What is the remainder when 5749 is divided by 495?
304
Calculate the remainder when 53148 is divided by 13119.
672
Calculate the remainder when 1091 is divided by 539.
13
Calculate the remainder when 493410 is divided by 13335.
15
Calculate the remainder when 14355 is divided by 270.
45
What is the remainder when 903589 is divided by 1605?
1579
What is the remainder when 28686 is divided by 32?
14
What is the remainder when 20404 is divided by 1017?
64
What is the remainder when 137878 is divided by 1379?
1357
Calculate the remainder when 244407 is divided by 51.
15
Calculate the remainder when 142471 is divided by 47479.
34
What is the remainder when 1659597 is divided by 1844?
1841
Calculate the remainder when 5324 is divided by 353.
29
What is the remainder when 831 is divided by 332?
167
Calculate the remainder when 2290 is divided by 632.
394
What is the remainder when 138564 is divided by 465?
459
What is the remainder when 92769 is divided by 7135?
14
What is the remainder when 83398 is divided by 208?
198
Calculate the remainder when 3225 is divided by 294.
285
What is the remainder when 12114 is divided by 1024?
850
Calculate the remainder when 18808 is divided by 57.
55
What is the remainder when 4245 is divided by 4225?
20
What is the remainder when 215079 is divided by 190?
189
What is the remainder when 18023 is divided by 817?
49
What is the remainder when 3339 is divided by 204?
75
What is the remainder when 46986 is divided by 373?
361
Calculate the remainder when 568887 is divided by 80.
7
What is the remainder when 242 is divided by 26?
8
What is the remainder when 34097 is divided by 338?
297
What is the remainder when 3654 is divided by 1825?
4
Calculate the remainder when 1597 is divided by 294.
127
What is the remainder when 147923 is divided by 29?
23
What is the remainder whe